 1376723038 a prime number?
False
Is 19851788443 composite?
False
Is 1284692611 composite?
True
Is 1252473389 prime?
False
Is 10324338241 prime?
False
Is 37593287 a prime number?
True
Is 1257117199 prime?
False
Is 4517441033 a prime number?
False
Is 149403507703 a prime number?
True
Is 68139614041 composite?
True
Is 349724847 composite?
True
Is 309935407409 prime?
True
Is 1975181279 composite?
False
Is 26792364281 composite?
True
Is 3985553323 a composite number?
False
Is 889132921 composite?
False
Is 463328707 a composite number?
False
Is 11953498321 composite?
False
Is 212009719 prime?
True
Is 30853416091 prime?
True
Is 5224408571 a composite number?
False
Is 14538119621 prime?
True
Is 23293753537 composite?
False
Is 36575531843 a composite number?
True
Is 6865999223 a composite number?
False
Is 1051190779 prime?
True
Is 3655767343 a composite number?
False
Is 188084513 a prime number?
False
Is 19892792017 a prime number?
False
Is 137817143 composite?
True
Is 448701645781 a composite number?
False
Is 17199246451 a composite number?
True
Is 19108193729 composite?
False
Is 111391010389 composite?
True
Is 218650363 prime?
True
Is 79534428983 prime?
True
Is 9167336137 composite?
False
Is 15592100239 a prime number?
False
Is 367069663 a prime number?
True
Is 88953041011 prime?
True
Is 1819186087 a prime number?
True
Is 1809956389 composite?
False
Is 27828679 composite?
False
Is 1308977447 a composite number?
True
Is 4158395261 a composite number?
True
Is 4166341057 a composite number?
True
Is 29709447113 a composite number?
False
Is 4665584081 a composite number?
False
Is 640277147 a composite number?
False
Is 17280699047 a composite number?
False
Is 343765969 a prime number?
True
Is 4397474111 composite?
False
Is 2915216851 composite?
True
Is 8367121597 a composite number?
True
Is 1577545001 a prime number?
True
Is 169125040715 prime?
False
Is 1541899237 a composite number?
False
Is 587838887 prime?
False
Is 1619865913 a composite number?
False
Is 133915999153 a composite number?
False
Is 3813148243 prime?
False
Is 198801487 prime?
False
Is 15450428627 composite?
False
Is 285556379 prime?
True
Is 1273993471 prime?
False
Is 1372702027 composite?
False
Is 329378599219 a prime number?
True
Is 2818681499 composite?
False
Is 85524684541 a prime number?
True
Is 2371808585 prime?
False
Is 49450782763 a prime number?
False
Is 12726296327 prime?
True
Is 26746779467 prime?
True
Is 470657171 prime?
True
Is 247961785243 composite?
False
Is 2718037787 a prime number?
True
Is 33609503 prime?
False
Is 8461995799 composite?
True
Is 87515874001 prime?
False
Is 959125819 prime?
True
Is 1478309321 a composite number?
False
Is 810452593 a prime number?
True
Is 1427306363 a prime number?
False
Is 201613537 a prime number?
False
Is 10250838119 a prime number?
True
Is 1174738463 a composite number?
True
Is 1261562347 prime?
False
Is 4293517587 a prime number?
False
Is 138537956443 a composite number?
False
Is 52101738599 a prime number?
True
Is 7794777439 composite?
False
Is 3738735251 a prime number?
False
Is 72618129127 a composite number?
False
Is 5076234701 a prime number?
True
Is 112467651853 composite?
True
Is 2904827846 composite?
True
Is 58070608991 a composite number?
False
Is 228781516349 a composite number?
True
Is 6818671897 a prime number?
True
Is 1764331287 prime?
False
Is 29026317431 prime?
True
Is 14244902827 a composite number?
True
Is 8189308573 a prime number?
False
Is 79972292489 a composite number?
True
Is 93846270307 a prime number?
True
Is 21958300907 a prime number?
True
Is 80211034221 prime?
False
Is 5846807069 composite?
True
Is 6598481 a prime number?
True
Is 1446867143 composite?
True
Is 152181049 a prime number?
False
Is 4038253841 a prime number?
True
Is 72105733771 a prime number?
True
Is 41900131607 a prime number?
True
Is 1125032609 composite?
False
Is 443162767 prime?
True
Is 1310562859 a composite number?
False
Is 23015873873 a prime number?
False
Is 13457697391 a prime number?
False
Is 466149769 a prime number?
False
Is 101337371339 a prime number?
True
Is 7892010353 a prime number?
True
Is 701786699 prime?
True
Is 1723006367 composite?
False
Is 6985132799 prime?
True
Is 820319854 prime?
False
Is 1281325169 a prime number?
False
Is 9302459 composite?
False
Is 859114671 a composite number?
True
Is 352185373 prime?
True
Is 5238206819 prime?
True
Is 858105679 a composite number?
True
Is 388115743 composite?
True
Is 8149031213 a prime number?
True
Is 2778683255 composite?
True
Is 114685149763 composite?
True
Is 11274670843 composite?
True
Is 534195703 prime?
True
Is 696157233 a composite number?
True
Is 1745486059 a composite number?
True
Is 22568621219 a composite number?
False
Is 592830877 a composite number?
False
Is 1122617711 a prime number?
True
Is 96992967651 a composite number?
True
Is 28987966803 prime?
False
Is 584460523 a composite number?
False
Is 62391940903 prime?
True
Is 1455916897 prime?
True
Is 18519765819 a prime number?
False
Is 2260302007 composite?
False
Is 18051829403 composite?
True
Is 90690403253 composite?
True
Is 8031130231 prime?
False
Is 51499786211 composite?
False
Is 2376793603 a composite number?
False
Is 4134685879 a composite number?
True
Is 8887770247 a prime number?
False
Is 503666603 a prime number?
False
Is 141584683 prime?
True
Is 2185235977 composite?
False
Is 8508067259 prime?
True
Is 14862721 prime?
True
Is 36847409 a composite number?
False
Is 50190841847 composite?
True
Is 55141747 a composite number?
False
Is 60673446169 a composite number?
True
Is 7040153 composite?
True
Is 6717835 composite?
True
Is 43725121373 prime?
True
Is 14551832767 composite?
False
Is 715748207 a prime number?
False
Is 29737667779 prime?
False
Is 144731381 composite?
True
Is 387759929 composite?
True
Is 5287594651 composite?
False
Is 658889089 composite?
True
Is 755273459 a prime number?
True
Is 1220208151 composite?
False
Is 148129594799 prime?
True
Is 4535994691 a composite number?
True
Is 6045358105 a composite number?
True
Is 3164721059 prime?
True
Is 4219026199 prime?
True
Is 167118931 prime?
False
Is 624805631 a composite number?
True
Is 23868689021 prime?
False
Is 364721473 a composite number?
True
Is 2934594989 prime?
False
Is 1459545547 prime?
True
Is 758610067 prime?
True
Is 20211281071 prime?
False
Is 2783393161 composite?
False
Is 14800141511 a prime number?
True
Is 4551765469 a composite number?
False
Is 2551107693 prime?
False
Is 209336587 prime?
False
Is 904420841 prime?
True
Is 623466281 a composite number?
False
Is 35328569077 composite?
True
Is 400619183 a prime number?
True
Is 10899109537 a composite number?
False
Is 2199247123 a prime number?
True
Is 1611854807 a composite number?
True
Is 5180709595 prime?
False
Is 20043159043 prime?
False
Is 1332073 prime?
False
Is 567903943 a prime number?
True
Is 30461331421 composite?
True
Is 3658564343 prime?
False
Is 41538869 a prime number?
True
Is 4767185749 composite?
False
Is 161619943 composite?
False
Is 3885724861 composite?
False
Is 397923683 composite?
False
Is 1858193591 a prime number?
True
Is 80468551 a prime number?
True
Is 40765461887 composite?
False
Is 4217840279 composite?
False
Is 393415507 prime?
False
Is 27724470283 a composite number?
False
Is 5378903923 a composite number?
False
Is 369616787491 a composite number?
True
Is 5830619155 prime?
False
Is 181393855583 a composite number?
True
Is 181515217 composite?
True
Is 930450883 composite?
False
Is 3188533939 prime?
True
Is 9892996939 a composite number?
True
Is 2926969583 composite?
False
Is 60146342279 a prime number?
False
Is 17781685351 composite?
False
Is 1637372377 a prime number?
True
Is 2069969129 a prime number?
False
Is 786603911 a composite number?
False
Is 130979081 a composite number?
False
Is 3701963399 prime?
True
Is 4806425773 composite?
False
Is 33731699681 a prime number?
True
Is 17173167467 composite?
False
Is 302379401 a composite number?
False
Is 2329570363 a composite number?
True
Is 88286501 a prime number?
True
Is 294064741 a prime number?
True
Is 122997102307 a prime number?
True
Is 9176953441 composite?
False
Is 2074056731 prime?
True
Is 47154951749 prime?
True
Is 36695339095 a prime number?
False
Is 316548887 a prime number?
True
Is 214559429863 a prime number